{"id":30401,"date":"2020-02-26T13:51:53","date_gmt":"2020-02-26T13:51:53","guid":{"rendered":"https:\/\/cd.unatemplate.com\/?product=100-capsule-di-caffe-oro"},"modified":"2026-02-02T07:49:40","modified_gmt":"2026-02-02T07:49:40","slug":"100-capsule-di-caffe-oro","status":"publish","type":"product","link":"https:\/\/cd.unatemplate.com\/?product=100-capsule-di-caffe-oro","title":{"rendered":"Caff\u00e8 ORO"},"content":{"rendered":"<p>Il caff\u00e8 amabile per tutti i giorni, ideale per concludere degnamente un buon pasto, iniziare bene la giornata o godersi un momento di relax.<\/p>\n<p>Sapiente miscela di caff\u00e8 provenienti da tutto il mondo, \u00e8 il prodotto pi\u00f9 consumato dai nostri clienti.<\/p>\n<p>Le arabiche di Centro e Sud America unite a quelle dell&#8217;Etiopia gli donano un sapore soave unito a un&#8217;aroma di cioccolato e a un sentore di selvatico, mentre le robusta di India e Camerun regalano aromi di frutta e spezie uniti a un leggero sentore di legno, ricordandoci che il caff\u00e8 \u00e8 una pianta e facendoci capire quanto buoni possano essere i suoi frutti.<\/p>\n","protected":false},"excerpt":{"rendered":"<p>Caff\u00e8 in capsule ORO<\/p>\n","protected":false},"featured_media":30399,"comment_status":"open","ping_status":"closed","template":"","meta":[],"product_brand":[],"product_cat":[110],"product_tag":[],"class_list":{"0":"post-30401","1":"product","2":"type-product","3":"status-publish","4":"has-post-thumbnail","6":"product_cat-capsule-caffe-donatello","7":"pa_formato-cb-capsulecaffedonatelloespr","8":"pa_quantitacapsule-100capsule","9":"pa_quantitacapsule-150capsule","11":"first","12":"instock","13":"taxable","14":"shipping-taxable","15":"purchasable","16":"product-type-variable","17":"has-default-attributes"},"yoast_head":"<!-- This site is optimized with the Yoast SEO Premium plugin v26.6 (Yoast SEO v27.0) - https:\/\/yoast.com\/product\/yoast-seo-premium-wordpress\/ -->\n<title>Caff\u00e8 Donatello - 100 capsule di caff\u00e8 ORO<\/title>\n<meta name=\"description\" content=\"Il caff\u00e8 amabile per tutti i giorni, ideale per concludere degnamente un buon pasto, iniziare bene la giornata o godersi un momento di relax.\" \/>\n<meta name=\"robots\" content=\"index, follow, max-snippet:-1, max-image-preview:large, max-video-preview:-1\" \/>\n<link rel=\"canonical\" href=\"https:\/\/cd.unatemplate.com\/?product=100-capsule-di-caffe-oro\" \/>\n<meta property=\"og:locale\" content=\"it_IT\" \/>\n<meta property=\"og:type\" content=\"article\" \/>\n<meta property=\"og:title\" content=\"Caff\u00e8 ORO\" \/>\n<meta property=\"og:description\" content=\"Il caff\u00e8 amabile per tutti i giorni, ideale per concludere degnamente un buon pasto, iniziare bene la giornata o godersi un momento di relax.\" \/>\n<meta property=\"og:url\" content=\"https:\/\/cd.unatemplate.com\/?product=100-capsule-di-caffe-oro\" \/>\n<meta property=\"og:site_name\" content=\"Caff\u00e8 Donatello\" \/>\n<meta property=\"article:modified_time\" content=\"2026-02-02T07:49:40+00:00\" \/>\n<meta property=\"og:image\" content=\"https:\/\/cd.unatemplate.com\/wp-content\/uploads\/2020\/02\/143-de0-Caffe-ORO.jpg\" \/>\n\t<meta property=\"og:image:width\" content=\"800\" \/>\n\t<meta property=\"og:image:height\" content=\"800\" \/>\n\t<meta property=\"og:image:type\" content=\"image\/jpeg\" \/>\n<meta name=\"twitter:card\" content=\"summary_large_image\" \/>\n<meta name=\"twitter:label1\" content=\"Disponibilit\u00e0\" \/>\n\t<meta name=\"twitter:data1\" content=\"In stock\" \/>\n<script type=\"application\/ld+json\" class=\"yoast-schema-graph\">{\"@context\":\"https:\/\/schema.org\",\"@graph\":[{\"@type\":[\"WebPage\",\"ItemPage\"],\"@id\":\"https:\/\/cd.unatemplate.com\/?product=100-capsule-di-caffe-oro\",\"url\":\"https:\/\/cd.unatemplate.com\/?product=100-capsule-di-caffe-oro\",\"name\":\"Caff\u00e8 Donatello - 100 capsule di caff\u00e8 ORO\",\"isPartOf\":{\"@id\":\"https:\/\/cd.unatemplate.com\/#website\"},\"primaryImageOfPage\":{\"@id\":\"https:\/\/cd.unatemplate.com\/?product=100-capsule-di-caffe-oro#primaryimage\"},\"image\":{\"@id\":\"https:\/\/cd.unatemplate.com\/?product=100-capsule-di-caffe-oro#primaryimage\"},\"thumbnailUrl\":\"https:\/\/cd.unatemplate.com\/wp-content\/uploads\/2020\/02\/143-de0-Caffe-ORO.jpg\",\"datePublished\":\"2020-02-26T13:51:53+00:00\",\"dateModified\":\"2026-02-02T07:49:40+00:00\",\"description\":\"Il caff\u00e8 amabile per tutti i giorni, ideale per concludere degnamente un buon pasto, iniziare bene la giornata o godersi un momento di relax.\",\"breadcrumb\":{\"@id\":\"https:\/\/cd.unatemplate.com\/?product=100-capsule-di-caffe-oro#breadcrumb\"},\"inLanguage\":\"it-IT\",\"potentialAction\":[{\"@type\":\"ReadAction\",\"target\":[\"https:\/\/cd.unatemplate.com\/?product=100-capsule-di-caffe-oro\"]}]},{\"@type\":\"ImageObject\",\"inLanguage\":\"it-IT\",\"@id\":\"https:\/\/cd.unatemplate.com\/?product=100-capsule-di-caffe-oro#primaryimage\",\"url\":\"https:\/\/cd.unatemplate.com\/wp-content\/uploads\/2020\/02\/143-de0-Caffe-ORO.jpg\",\"contentUrl\":\"https:\/\/cd.unatemplate.com\/wp-content\/uploads\/2020\/02\/143-de0-Caffe-ORO.jpg\",\"width\":800,\"height\":800,\"caption\":\"Caff\u00e8 ORO\"},{\"@type\":\"BreadcrumbList\",\"@id\":\"https:\/\/cd.unatemplate.com\/?product=100-capsule-di-caffe-oro#breadcrumb\",\"itemListElement\":[{\"@type\":\"ListItem\",\"position\":1,\"name\":\"Home\",\"item\":\"https:\/\/cd.unatemplate.com\/\"},{\"@type\":\"ListItem\",\"position\":2,\"name\":\"Shop\",\"item\":\"https:\/\/cd.unatemplate.com\/?page_id=30263\"},{\"@type\":\"ListItem\",\"position\":3,\"name\":\"Caff\u00e8 ORO\"}]},{\"@type\":\"WebSite\",\"@id\":\"https:\/\/cd.unatemplate.com\/#website\",\"url\":\"https:\/\/cd.unatemplate.com\/\",\"name\":\"Caff\u00e8 Donatello\",\"description\":\"\",\"potentialAction\":[{\"@type\":\"SearchAction\",\"target\":{\"@type\":\"EntryPoint\",\"urlTemplate\":\"https:\/\/cd.unatemplate.com\/?s={search_term_string}\"},\"query-input\":{\"@type\":\"PropertyValueSpecification\",\"valueRequired\":true,\"valueName\":\"search_term_string\"}}],\"inLanguage\":\"it-IT\"}]}<\/script>\n<meta property=\"og:availability\" content=\"instock\" \/>\n<meta property=\"product:availability\" content=\"instock\" \/>\n<meta property=\"product:condition\" content=\"new\" \/>\n<!-- \/ Yoast SEO Premium plugin. -->","yoast_head_json":{"title":"Caff\u00e8 Donatello - 100 capsule di caff\u00e8 ORO","description":"Il caff\u00e8 amabile per tutti i giorni, ideale per concludere degnamente un buon pasto, iniziare bene la giornata o godersi un momento di relax.","robots":{"index":"index","follow":"follow","max-snippet":"max-snippet:-1","max-image-preview":"max-image-preview:large","max-video-preview":"max-video-preview:-1"},"canonical":"https:\/\/cd.unatemplate.com\/?product=100-capsule-di-caffe-oro","og_locale":"it_IT","og_type":"article","og_title":"Caff\u00e8 ORO","og_description":"Il caff\u00e8 amabile per tutti i giorni, ideale per concludere degnamente un buon pasto, iniziare bene la giornata o godersi un momento di relax.","og_url":"https:\/\/cd.unatemplate.com\/?product=100-capsule-di-caffe-oro","og_site_name":"Caff\u00e8 Donatello","article_modified_time":"2026-02-02T07:49:40+00:00","og_image":[{"width":800,"height":800,"url":"https:\/\/cd.unatemplate.com\/wp-content\/uploads\/2020\/02\/143-de0-Caffe-ORO.jpg","type":"image\/jpeg"}],"twitter_card":"summary_large_image","twitter_misc":{"Disponibilit\u00e0":"In stock"},"schema":{"@context":"https:\/\/schema.org","@graph":[{"@type":["WebPage","ItemPage"],"@id":"https:\/\/cd.unatemplate.com\/?product=100-capsule-di-caffe-oro","url":"https:\/\/cd.unatemplate.com\/?product=100-capsule-di-caffe-oro","name":"Caff\u00e8 Donatello - 100 capsule di caff\u00e8 ORO","isPartOf":{"@id":"https:\/\/cd.unatemplate.com\/#website"},"primaryImageOfPage":{"@id":"https:\/\/cd.unatemplate.com\/?product=100-capsule-di-caffe-oro#primaryimage"},"image":{"@id":"https:\/\/cd.unatemplate.com\/?product=100-capsule-di-caffe-oro#primaryimage"},"thumbnailUrl":"https:\/\/cd.unatemplate.com\/wp-content\/uploads\/2020\/02\/143-de0-Caffe-ORO.jpg","datePublished":"2020-02-26T13:51:53+00:00","dateModified":"2026-02-02T07:49:40+00:00","description":"Il caff\u00e8 amabile per tutti i giorni, ideale per concludere degnamente un buon pasto, iniziare bene la giornata o godersi un momento di relax.","breadcrumb":{"@id":"https:\/\/cd.unatemplate.com\/?product=100-capsule-di-caffe-oro#breadcrumb"},"inLanguage":"it-IT","potentialAction":[{"@type":"ReadAction","target":["https:\/\/cd.unatemplate.com\/?product=100-capsule-di-caffe-oro"]}]},{"@type":"ImageObject","inLanguage":"it-IT","@id":"https:\/\/cd.unatemplate.com\/?product=100-capsule-di-caffe-oro#primaryimage","url":"https:\/\/cd.unatemplate.com\/wp-content\/uploads\/2020\/02\/143-de0-Caffe-ORO.jpg","contentUrl":"https:\/\/cd.unatemplate.com\/wp-content\/uploads\/2020\/02\/143-de0-Caffe-ORO.jpg","width":800,"height":800,"caption":"Caff\u00e8 ORO"},{"@type":"BreadcrumbList","@id":"https:\/\/cd.unatemplate.com\/?product=100-capsule-di-caffe-oro#breadcrumb","itemListElement":[{"@type":"ListItem","position":1,"name":"Home","item":"https:\/\/cd.unatemplate.com\/"},{"@type":"ListItem","position":2,"name":"Shop","item":"https:\/\/cd.unatemplate.com\/?page_id=30263"},{"@type":"ListItem","position":3,"name":"Caff\u00e8 ORO"}]},{"@type":"WebSite","@id":"https:\/\/cd.unatemplate.com\/#website","url":"https:\/\/cd.unatemplate.com\/","name":"Caff\u00e8 Donatello","description":"","potentialAction":[{"@type":"SearchAction","target":{"@type":"EntryPoint","urlTemplate":"https:\/\/cd.unatemplate.com\/?s={search_term_string}"},"query-input":{"@type":"PropertyValueSpecification","valueRequired":true,"valueName":"search_term_string"}}],"inLanguage":"it-IT"}]},"og_availability":"instock","product_availability":"instock","product_condition":"new"},"_links":{"self":[{"href":"https:\/\/cd.unatemplate.com\/index.php?rest_route=\/wp\/v2\/product\/30401","targetHints":{"allow":["GET"]}}],"collection":[{"href":"https:\/\/cd.unatemplate.com\/index.php?rest_route=\/wp\/v2\/product"}],"about":[{"href":"https:\/\/cd.unatemplate.com\/index.php?rest_route=\/wp\/v2\/types\/product"}],"replies":[{"embeddable":true,"href":"https:\/\/cd.unatemplate.com\/index.php?rest_route=%2Fwp%2Fv2%2Fcomments&post=30401"}],"version-history":[{"count":2,"href":"https:\/\/cd.unatemplate.com\/index.php?rest_route=\/wp\/v2\/product\/30401\/revisions"}],"predecessor-version":[{"id":31252,"href":"https:\/\/cd.unatemplate.com\/index.php?rest_route=\/wp\/v2\/product\/30401\/revisions\/31252"}],"wp:featuredmedia":[{"embeddable":true,"href":"https:\/\/cd.unatemplate.com\/index.php?rest_route=\/wp\/v2\/media\/30399"}],"wp:attachment":[{"href":"https:\/\/cd.unatemplate.com\/index.php?rest_route=%2Fwp%2Fv2%2Fmedia&parent=30401"}],"wp:term":[{"taxonomy":"product_brand","embeddable":true,"href":"https:\/\/cd.unatemplate.com\/index.php?rest_route=%2Fwp%2Fv2%2Fproduct_brand&post=30401"},{"taxonomy":"product_cat","embeddable":true,"href":"https:\/\/cd.unatemplate.com\/index.php?rest_route=%2Fwp%2Fv2%2Fproduct_cat&post=30401"},{"taxonomy":"product_tag","embeddable":true,"href":"https:\/\/cd.unatemplate.com\/index.php?rest_route=%2Fwp%2Fv2%2Fproduct_tag&post=30401"}],"curies":[{"name":"wp","href":"https:\/\/api.w.org\/{rel}","templated":true}]}}