{"id":30409,"date":"2020-02-26T14:18:15","date_gmt":"2020-02-26T14:18:15","guid":{"rendered":"https:\/\/cd.unatemplate.com\/?product=caffe-macchiato"},"modified":"2026-02-02T08:49:18","modified_gmt":"2026-02-02T08:49:18","slug":"caffe-macchiato","status":"publish","type":"product","link":"https:\/\/cd.unatemplate.com\/?product=caffe-macchiato","title":{"rendered":"Caff\u00e8 MACCHIATO"},"content":{"rendered":"<p>Ideale per chi vuole una bevanda leggera e aromatica ma non ha a disposizione un frigorifero o una bottiglia di latte. Ecco la monodose giusta!<\/p>\n<p>Dosaggio consigliato: caff\u00e8 lungo.<\/p>\n<p>Il prodotto \u00e8 gi\u00e0 zuccherato. Ingredienti: caff\u00e8 istantaneo (15,3%), zucchero, sciroppo di glucosio, grassi di cocco non idrogenati, proteine del latte, stabilizzante E340ii, emulsionante E471, aromi<\/p>\n","protected":false},"excerpt":{"rendered":"<p>Caff\u00e8 aromatizzato macchiato in capsule monodose da 7g confezionate singolarmente.<\/p>\n","protected":false},"featured_media":30407,"comment_status":"open","ping_status":"closed","template":"","meta":[],"product_brand":[],"product_cat":[110],"product_tag":[],"class_list":{"0":"post-30409","1":"product","2":"type-product","3":"status-publish","4":"has-post-thumbnail","6":"product_cat-capsule-caffe-donatello","7":"pa_formato-cb-capsulecaffedonatelloespr","8":"pa_quantitacapsule-25capsule","9":"pa_quantitacapsule-50capsule","11":"first","12":"instock","13":"taxable","14":"shipping-taxable","15":"purchasable","16":"product-type-variable","17":"has-default-attributes"},"yoast_head":"<!-- This site is optimized with the Yoast SEO Premium plugin v26.6 (Yoast SEO v27.0) - https:\/\/yoast.com\/product\/yoast-seo-premium-wordpress\/ -->\n<title>Caff\u00e8 Donatello - capsule di CAFF\u00c8 MACCHIATO<\/title>\n<meta name=\"description\" content=\"Caff\u00e8 aromatizzato Macchiato in capsule monodose da 7 grammi confezionate singolarmente.\" \/>\n<meta name=\"robots\" content=\"index, follow, max-snippet:-1, max-image-preview:large, max-video-preview:-1\" \/>\n<link rel=\"canonical\" href=\"https:\/\/cd.unatemplate.com\/?product=caffe-macchiato\" \/>\n<meta property=\"og:locale\" content=\"it_IT\" \/>\n<meta property=\"og:type\" content=\"article\" \/>\n<meta property=\"og:title\" content=\"Caff\u00e8 MACCHIATO\" \/>\n<meta property=\"og:description\" content=\"Caff\u00e8 aromatizzato Macchiato in capsule monodose da 7 grammi confezionate singolarmente.\" \/>\n<meta property=\"og:url\" content=\"https:\/\/cd.unatemplate.com\/?product=caffe-macchiato\" \/>\n<meta property=\"og:site_name\" content=\"Caff\u00e8 Donatello\" \/>\n<meta property=\"article:modified_time\" content=\"2026-02-02T08:49:18+00:00\" \/>\n<meta property=\"og:image\" content=\"https:\/\/cd.unatemplate.com\/wp-content\/uploads\/2020\/02\/215-8fe-Caffe-MACCHIATO.jpg\" \/>\n\t<meta property=\"og:image:width\" content=\"800\" \/>\n\t<meta property=\"og:image:height\" content=\"800\" \/>\n\t<meta property=\"og:image:type\" content=\"image\/jpeg\" \/>\n<meta name=\"twitter:card\" content=\"summary_large_image\" \/>\n<meta name=\"twitter:label1\" content=\"Disponibilit\u00e0\" \/>\n\t<meta name=\"twitter:data1\" content=\"In stock\" \/>\n<script type=\"application\/ld+json\" class=\"yoast-schema-graph\">{\"@context\":\"https:\/\/schema.org\",\"@graph\":[{\"@type\":[\"WebPage\",\"ItemPage\"],\"@id\":\"https:\/\/cd.unatemplate.com\/?product=caffe-macchiato\",\"url\":\"https:\/\/cd.unatemplate.com\/?product=caffe-macchiato\",\"name\":\"Caff\u00e8 Donatello - capsule di CAFF\u00c8 MACCHIATO\",\"isPartOf\":{\"@id\":\"https:\/\/cd.unatemplate.com\/#website\"},\"primaryImageOfPage\":{\"@id\":\"https:\/\/cd.unatemplate.com\/?product=caffe-macchiato#primaryimage\"},\"image\":{\"@id\":\"https:\/\/cd.unatemplate.com\/?product=caffe-macchiato#primaryimage\"},\"thumbnailUrl\":\"https:\/\/cd.unatemplate.com\/wp-content\/uploads\/2020\/02\/215-8fe-Caffe-MACCHIATO.jpg\",\"datePublished\":\"2020-02-26T14:18:15+00:00\",\"dateModified\":\"2026-02-02T08:49:18+00:00\",\"description\":\"Caff\u00e8 aromatizzato Macchiato in capsule monodose da 7 grammi confezionate singolarmente.\",\"breadcrumb\":{\"@id\":\"https:\/\/cd.unatemplate.com\/?product=caffe-macchiato#breadcrumb\"},\"inLanguage\":\"it-IT\",\"potentialAction\":[{\"@type\":\"ReadAction\",\"target\":[\"https:\/\/cd.unatemplate.com\/?product=caffe-macchiato\"]}]},{\"@type\":\"ImageObject\",\"inLanguage\":\"it-IT\",\"@id\":\"https:\/\/cd.unatemplate.com\/?product=caffe-macchiato#primaryimage\",\"url\":\"https:\/\/cd.unatemplate.com\/wp-content\/uploads\/2020\/02\/215-8fe-Caffe-MACCHIATO.jpg\",\"contentUrl\":\"https:\/\/cd.unatemplate.com\/wp-content\/uploads\/2020\/02\/215-8fe-Caffe-MACCHIATO.jpg\",\"width\":800,\"height\":800,\"caption\":\"Caff\u00e8 MACCHIATO\"},{\"@type\":\"BreadcrumbList\",\"@id\":\"https:\/\/cd.unatemplate.com\/?product=caffe-macchiato#breadcrumb\",\"itemListElement\":[{\"@type\":\"ListItem\",\"position\":1,\"name\":\"Home\",\"item\":\"https:\/\/cd.unatemplate.com\/\"},{\"@type\":\"ListItem\",\"position\":2,\"name\":\"Shop\",\"item\":\"https:\/\/cd.unatemplate.com\/?page_id=30263\"},{\"@type\":\"ListItem\",\"position\":3,\"name\":\"Caff\u00e8 MACCHIATO\"}]},{\"@type\":\"WebSite\",\"@id\":\"https:\/\/cd.unatemplate.com\/#website\",\"url\":\"https:\/\/cd.unatemplate.com\/\",\"name\":\"Caff\u00e8 Donatello\",\"description\":\"\",\"potentialAction\":[{\"@type\":\"SearchAction\",\"target\":{\"@type\":\"EntryPoint\",\"urlTemplate\":\"https:\/\/cd.unatemplate.com\/?s={search_term_string}\"},\"query-input\":{\"@type\":\"PropertyValueSpecification\",\"valueRequired\":true,\"valueName\":\"search_term_string\"}}],\"inLanguage\":\"it-IT\"}]}<\/script>\n<meta property=\"og:availability\" content=\"instock\" \/>\n<meta property=\"product:availability\" content=\"instock\" \/>\n<meta property=\"product:condition\" content=\"new\" \/>\n<!-- \/ Yoast SEO Premium plugin. -->","yoast_head_json":{"title":"Caff\u00e8 Donatello - capsule di CAFF\u00c8 MACCHIATO","description":"Caff\u00e8 aromatizzato Macchiato in capsule monodose da 7 grammi confezionate singolarmente.","robots":{"index":"index","follow":"follow","max-snippet":"max-snippet:-1","max-image-preview":"max-image-preview:large","max-video-preview":"max-video-preview:-1"},"canonical":"https:\/\/cd.unatemplate.com\/?product=caffe-macchiato","og_locale":"it_IT","og_type":"article","og_title":"Caff\u00e8 MACCHIATO","og_description":"Caff\u00e8 aromatizzato Macchiato in capsule monodose da 7 grammi confezionate singolarmente.","og_url":"https:\/\/cd.unatemplate.com\/?product=caffe-macchiato","og_site_name":"Caff\u00e8 Donatello","article_modified_time":"2026-02-02T08:49:18+00:00","og_image":[{"width":800,"height":800,"url":"https:\/\/cd.unatemplate.com\/wp-content\/uploads\/2020\/02\/215-8fe-Caffe-MACCHIATO.jpg","type":"image\/jpeg"}],"twitter_card":"summary_large_image","twitter_misc":{"Disponibilit\u00e0":"In stock"},"schema":{"@context":"https:\/\/schema.org","@graph":[{"@type":["WebPage","ItemPage"],"@id":"https:\/\/cd.unatemplate.com\/?product=caffe-macchiato","url":"https:\/\/cd.unatemplate.com\/?product=caffe-macchiato","name":"Caff\u00e8 Donatello - capsule di CAFF\u00c8 MACCHIATO","isPartOf":{"@id":"https:\/\/cd.unatemplate.com\/#website"},"primaryImageOfPage":{"@id":"https:\/\/cd.unatemplate.com\/?product=caffe-macchiato#primaryimage"},"image":{"@id":"https:\/\/cd.unatemplate.com\/?product=caffe-macchiato#primaryimage"},"thumbnailUrl":"https:\/\/cd.unatemplate.com\/wp-content\/uploads\/2020\/02\/215-8fe-Caffe-MACCHIATO.jpg","datePublished":"2020-02-26T14:18:15+00:00","dateModified":"2026-02-02T08:49:18+00:00","description":"Caff\u00e8 aromatizzato Macchiato in capsule monodose da 7 grammi confezionate singolarmente.","breadcrumb":{"@id":"https:\/\/cd.unatemplate.com\/?product=caffe-macchiato#breadcrumb"},"inLanguage":"it-IT","potentialAction":[{"@type":"ReadAction","target":["https:\/\/cd.unatemplate.com\/?product=caffe-macchiato"]}]},{"@type":"ImageObject","inLanguage":"it-IT","@id":"https:\/\/cd.unatemplate.com\/?product=caffe-macchiato#primaryimage","url":"https:\/\/cd.unatemplate.com\/wp-content\/uploads\/2020\/02\/215-8fe-Caffe-MACCHIATO.jpg","contentUrl":"https:\/\/cd.unatemplate.com\/wp-content\/uploads\/2020\/02\/215-8fe-Caffe-MACCHIATO.jpg","width":800,"height":800,"caption":"Caff\u00e8 MACCHIATO"},{"@type":"BreadcrumbList","@id":"https:\/\/cd.unatemplate.com\/?product=caffe-macchiato#breadcrumb","itemListElement":[{"@type":"ListItem","position":1,"name":"Home","item":"https:\/\/cd.unatemplate.com\/"},{"@type":"ListItem","position":2,"name":"Shop","item":"https:\/\/cd.unatemplate.com\/?page_id=30263"},{"@type":"ListItem","position":3,"name":"Caff\u00e8 MACCHIATO"}]},{"@type":"WebSite","@id":"https:\/\/cd.unatemplate.com\/#website","url":"https:\/\/cd.unatemplate.com\/","name":"Caff\u00e8 Donatello","description":"","potentialAction":[{"@type":"SearchAction","target":{"@type":"EntryPoint","urlTemplate":"https:\/\/cd.unatemplate.com\/?s={search_term_string}"},"query-input":{"@type":"PropertyValueSpecification","valueRequired":true,"valueName":"search_term_string"}}],"inLanguage":"it-IT"}]},"og_availability":"instock","product_availability":"instock","product_condition":"new"},"_links":{"self":[{"href":"https:\/\/cd.unatemplate.com\/index.php?rest_route=\/wp\/v2\/product\/30409","targetHints":{"allow":["GET"]}}],"collection":[{"href":"https:\/\/cd.unatemplate.com\/index.php?rest_route=\/wp\/v2\/product"}],"about":[{"href":"https:\/\/cd.unatemplate.com\/index.php?rest_route=\/wp\/v2\/types\/product"}],"replies":[{"embeddable":true,"href":"https:\/\/cd.unatemplate.com\/index.php?rest_route=%2Fwp%2Fv2%2Fcomments&post=30409"}],"version-history":[{"count":1,"href":"https:\/\/cd.unatemplate.com\/index.php?rest_route=\/wp\/v2\/product\/30409\/revisions"}],"predecessor-version":[{"id":31300,"href":"https:\/\/cd.unatemplate.com\/index.php?rest_route=\/wp\/v2\/product\/30409\/revisions\/31300"}],"wp:featuredmedia":[{"embeddable":true,"href":"https:\/\/cd.unatemplate.com\/index.php?rest_route=\/wp\/v2\/media\/30407"}],"wp:attachment":[{"href":"https:\/\/cd.unatemplate.com\/index.php?rest_route=%2Fwp%2Fv2%2Fmedia&parent=30409"}],"wp:term":[{"taxonomy":"product_brand","embeddable":true,"href":"https:\/\/cd.unatemplate.com\/index.php?rest_route=%2Fwp%2Fv2%2Fproduct_brand&post=30409"},{"taxonomy":"product_cat","embeddable":true,"href":"https:\/\/cd.unatemplate.com\/index.php?rest_route=%2Fwp%2Fv2%2Fproduct_cat&post=30409"},{"taxonomy":"product_tag","embeddable":true,"href":"https:\/\/cd.unatemplate.com\/index.php?rest_route=%2Fwp%2Fv2%2Fproduct_tag&post=30409"}],"curies":[{"name":"wp","href":"https:\/\/api.w.org\/{rel}","templated":true}]}}